+ 22/4)?
9
Let j(c) = 254*c - 1518. Calculate the remainder when 4356 is divided by j(6).
0
Let b be (0 - -2)*12/8. Suppose 0 = -b*n - 3*n + 12. Suppose 0*g = -n*g + 56. What is the remainder when 82 is divided by g?
26
Suppose 107*s + 441 - 3223 = 0. Calculate the remainder when 12737 is divided by s.
23
Suppose 4*d = -b + 102, -375 - 45 = -5*b - 2*d. Calculate the remainder when 6147 is divided by b.
79
Let d = 15 + -17. Let p be (-10)/d + 40/(-20). Suppose 3*n - 435 = -3*j - n, 3*n + 414 = p*j. Calculate the remainder when j is divided by 18.
15
Suppose 26*t = 3*s + 28*t - 846, 0 = 3*s - 3*t - 831. Calculate the remainder when s is divided by (-274)/(-6) + (32/(-6))/(-4).
45
Suppose 68 = -5*x + 58. What is the remainder when (-1276 - (-2 - 4))/x is divided by 29?
26
Let g be 4/(-14) - (-86)/7. Let k be (756/16 + 2 + 0)*g. Suppose k = 6*w + 201. Calculate the remainder when w is divided by 17.
14
Let k(s) = -4*s - 21. Let u(p) = -2. Let n(m) = -2*k(m) - 14*u(m). Calculate the remainder when 3 + -9*2/(-3) is divided by n(-8).
3
Suppose 0 = -6*b + 30. Let z(n) = 36*n - 7. Let d be z(b). Let x = 245 - d. Calculate the remainder when x is divided by 19.
15
Suppose -3*s + 58 = -5*d, -s - 70 = -6*s - 5*d. Calculate the remainder when 131 is divided by (-2)/s*-4 + 1365/30.
39
Suppose -28*m + 26*m + 117885 = 27*m. What is the remainder when m is divided by 36?
33
Let m(u) = 17*u**2 + u + 2. Suppose 4*t - 1227 + 895 = 0. Calculate the remainder when m(3) is divided by t.
75
Suppose -363*l = -6277 - 5339. Calculate the remainder when (-6)/(-3)*202/4 is divided by l.
5
Suppose 3*u - 98 = l - 3*l, 218 = 4*l - 5*u. What is the remainder when 123 is divided by l?
19
Let b be -2*1/(-5) - 4434/(-15). Let g = b + -225. What is the remainder when 492 is divided by g?
66
Let w(a) = 32*a + 5. Let m be w(0). Suppose -2*n + 5*t + 0 = m, 2*t - 10 = 0. Calculate the remainder when 43 is divided by n.
3
Let l(u) = u**2 + 31*u + 230. Let d be l(-28). Suppose -d + 894 = 17*r. What is the remainder when 99 is divided by r?
11
Let u(b) = -22*b - 234. What is the remainder when 748 is divided by u(-12)?
28
Calculate the remainder when (129 - -2)*1 - -2 is divided by -2*23736/1376*(4/6)/(-1).
18
Calculate the remainder when 199 is divided by 113 + (4 + 3 - (6 - -9)).
94
Suppose 108 = -g + 104. What is the remainder when 83 is divided by 11 - ((-10)/(-40))/((-1)/g)?
3
Let j = -19205 - -22597. Calculate the remainder when j is divided by 283.
279
Calculate the remainder when (1/21)/((-22)/(-625218)) - (-2)/(-7) is divided by 52.
1
Suppose -67*h - 25591 + 93998 = 0. What is the remainder when h is divided by 57?
52
Suppose 2*p - 98 = -2*k, 13*k = -3*p + 11*k + 144. Suppose 4*o + 5*z = 32 + 55, 2*o + 2*z - p = 0. What is the remainder when 389 is divided by o?
25
Suppose -132 = 6*h - 300. Let b(a) = a**2 - 30*a + 70. Suppose l = 2 + 1. What is the remainder when b(h) is divided by l?
2
Let h = 25306 + -25298. Let g be (-1)/(-4) - 7/(-4). Suppose q + g*q - 117 = 0. Calculate the remainder when q is divided by h.
7
Suppose 212*n - 223*n + 31867 = 0. What is the remainder when n is divided by 145?
142
Calculate the remainder when ((-26)/4 - (70 + -77))*14 - -44511 is divided by 10.
8
Suppose j - 16*o - 199 = -12*o, -2*j + 3*o + 383 = 0. Calculate the remainder when 456 is divided by j.
82
Let f = -65 - -180. Suppose -21653*k + 368 = -21630*k. Calculate the remainder when f is divided by k.
3
Suppose 612 = 3*s + 6*n, -73*s = -75*s - 5*n + 404. What is the remainder when 2112 is divided by s?
204
Suppose -424 = -4*r + 7*i - 8*i, r - 3*i = 93. Calculate the remainder when 197 is divided by r.
92
Suppose 18*h - 14*h - 2623 = 5*i, 3330 = 5*h + 4*i. What is the remainder when 1335 is divided by h?
11
Suppose -w = 5*t - 1320, w + 25*t = 24*t + 1304. Calculate the remainder when w is divided by 50.
0
Let b = -1971 + 2000. What is the remainder when b is divided by ((-30)/4)/((-7)/14)?
14
Suppose -2*v = -4*a - 96, 24*v + 3*a = 26*v - 93. Calculate the remainder when 845 is divided by v.
5
Let a(y) = -38*y - 100. Let p = -155 - -150. What is the remainder when a(p) is divided by 37?
16
Let o = -78 - -86. What is the remainder when 46 is divided by o/((-2)/19 + (-832)/(-2128))?
18
Suppose 0 = -42*b + 47*b + 4*z - 752, 296 = 2*b + 4*z. What is the remainder when b is divided by 48?
8
Let n = -416 + 414. Calculate the remainder when 111 is divided by (48/30)/(-4)*-80 + n.
21
Let r(w) = w**3 + 90*w**2 + 91*w + 389. What is the remainder when 7594 is divided by r(-89)?
209
Calculate the remainder when 914 is divided by 4 + -10 + 460 + 3.
0
Suppose 5*t - 582 = -4*g, -g + 5*t - 9*t = -151. Calculate the remainder when g is divided by 91.
52
Let k(c) = 2*c**3 - c**2 + 9*c + 5. What is the remainder when 11 is divided by k(0)?
1
Let r(q) = 249*q**2 + 4221*q + 21. Calculate the remainder when r(-17) is divided by 77.
71
Suppose 603*v - 632*v = -3770. Suppose 3 = a + 5. Calculate the remainder when v is divided by a - (1 - 0) - -36.
31
Suppose 109 = 5*z - 4*b, -2*z + 3*b - b + 42 = 0. Calculate the remainder when 4/6*15/10*91 is divided by z.
16
Let h(w) = -2*w + 98. Suppose -k = 5, 0 = u - 3*k + k - 1. What is the remainder when h(u) is divided by 35?
11
What is the remainder when 297 is divided by 4*(-21)/(-14)*(-112)/(-12)?
17
Let m(b) = -b**3 - 14*b**2 + 13*b - 15. Suppose -60 = -2*x + 6*x. Let v be m(x). Let p(o) = 3*o - 27. Calculate the remainder when 33 is divided by p(v).
15
Let s(q) = 118*q**3 - 24*q**2 + 32*q + 19*q + 1 - 119*q**3 + 1. Calculate the remainder when 52 is divided by s(-26).
24
Suppose 0 = -0*w + 21*w. Suppose -z - 18 + 56 = w. Calculate the remainder when z is divided by 8.
6
What is the remainder when (52/(-7) - -8)/(6/8253) is divided by 390?
6
Let l(c) = 2*c - 10. Let f be l(7). Suppose f*b - 71 - 49 = 0. Let g = 36 + 233. What is the remainder when g is divided by b?
29
Suppose -f = -3*p - 2*p - 1371, 2*p + 5520 = 4*f. What is the remainder when f is divided by 138?
1
Let k = 157 - 151. Let t(q) be the first derivative of q**3/3 - q**2/2 - 24*q - 11. Calculate the remainder when 15 is divided by t(k).
3
Suppose -19*z - 22 + 60 = 0. Let k(h) = 18*h + 22. What is the remainder when 229 is divided by k(z)?
55
Suppose 0 = 5*r + 78*r - 3154. Calculate the remainder when (1 + 0)*(-246)/(-10 - -4) is divided by r.
3
Let q be (1 - 61 - 1)/(-1). Let y = 61 - q. Suppose 7*p + 79 - 422 = y. What is the remainder when p is divided by 4?
1
Let t(c) = -4*c - 180. What is the remainder when 1502 is divided by t(-47)?
6
Let q be 0/(6/(5 + -3)). Suppose q = -13*d + 10*d + 69. Calculate the remainder when 63 is divided by d.
17
Let q(o) = 2*o + 34. Let p be q(33). Suppose -4*a + 80 = 3*w + 28, 5*w - p = -4*a. Calculate the remainder when 112 is divided by w.
16
Let y be (-1)/((3/(-15))/1). Let g = -925 + 930. Suppose 4*q = -y*m + 166, 5*q + 0 = -g. Calculate the remainder when 63 is divided by m.
29
Suppose 4*n = 21*q - 26*q + 54396, 4*n - 21768 = -2*q. Calculate the remainder when q is divided by 37.
35
Let z be (-9825)/125 + 1/((-5)/2). Let w = z - -104. Calculate the remainder when 98 is divided by w.
23
Suppose -5*n - 117*s + 1205 = -116*s, 0 = 4*s. Calculate the remainder when 487 is divided by n.
5
Suppose 0 = 514*k - 544*k + 1140. What is the remainder when 118 is divided by k?
4
Let a(u) = -16*u**3 + 48*u + 92. Calculate the remainder when a(-2) is divided by 18.
16
Suppose -4*a - 5*h - 6 = 0, 28*a - 24*a = h + 30. What is the remainder when 2643 is divided by a?
3
Let n(i) = -99*i - 203. Calculate the remainder when n(-5) is divided by 101.
90
Let k(t) = -53*t - 452. What is the remainder when 55 is divided by k(-9)?
5
Let l = 552 - 546. Let b be 0 - ((-4)/(-2) - 0). Let f = l + b. Calculate the remainder when 17 is divided by f.
1
Suppose -2*a - 3*j + 5 = 0, -5*a + 5*j = -2*a - 17. Suppose 231 = 2*u + o, a + 8 = -4*o. Calculate the remainder when u is divided by 10.
7
Let r = 224 - 216. What is the remainder when ((-76)/3 - -2)/(r/(-24)) is divided by 12?
10
Suppose 25*s + 3000 = -3800. Let w = s + 300. What is the remainder when 40 is divided by w?
12
Suppose -826*f + 837*f = 77. Calculate the remainder when 354 is divided by f.
4
Suppose -304*x = -301*x - 2805. Let d = -